ommon factor of 51745 and 3930.
655
What is the greatest common factor of 602 and 1118?
86
What is the greatest common factor of 416 and 1376?
32
Calculate the greatest common factor of 1152 and 4383.
9
Calculate the greatest common divisor of 48 and 2008.
8
Calculate the highest common factor of 149656 and 142461.
1439
Calculate the highest common factor of 681 and 248792.
227
Calculate the greatest common divisor of 201895 and 13550.
1355
What is the highest common factor of 64 and 78800?
16
What is the greatest common factor of 219213 and 6707?
353
What is the highest common factor of 1686840 and 180?
60
Calculate the highest common divisor of 266 and 2989.
7
What is the greatest common divisor of 438 and 112858?
146
Calculate the greatest common divisor of 672 and 432.
48
Calculate the greatest common divisor of 3419 and 13819.
13
What is the highest common factor of 2412954 and 18?
18
Calculate the greatest common factor of 131598 and 90.
18
Calculate the highest common divisor of 805 and 180040.
35
Calculate the highest common factor of 149204 and 1276.
44
What is the highest common divisor of 504714 and 366?
366
Calculate the highest common factor of 133384 and 8.
8
Calculate the highest common divisor of 39546 and 306.
18
Calculate the highest common divisor of 130 and 288626.
26
Calculate the greatest common factor of 7822116 and 12.
12
Calculate the highest common divisor of 44091 and 8733.
213
What is the highest common divisor of 53040 and 7215?
195
What is the highest common divisor of 44 and 998129?
11
Calculate the highest common divisor of 102 and 1022703.
51
What is the greatest common divisor of 14076 and 451996?
1564
Calculate the highest common factor of 396882 and 612.
306
Calculate the highest common factor of 156200 and 120.
40
Calculate the greatest common divisor of 312 and 35802.
78
What is the greatest common factor of 7216 and 10384?
176
What is the greatest common factor of 764640 and 912?
48
What is the greatest common divisor of 568245 and 60?
15
What is the greatest common factor of 1150 and 5566?
46
What is the highest common factor of 850 and 204374?
34
What is the highest common divisor of 933303 and 3087?
1029
What is the greatest common divisor of 17926 and 6?
2
Calculate the greatest common factor of 48669 and 27.
3
Calculate the highest common factor of 13400 and 13600.
200
What is the greatest common factor of 83879 and 74?
37
Calculate the highest common factor of 72 and 58152.
24
What is the greatest common factor of 579525 and 75?
75
What is the highest common divisor of 26 and 142649?
13
What is the highest common factor of 470943 and 17487?
603
Calculate the highest common factor of 8024 and 1062.
118
Calculate the highest common factor of 18576 and 5184.
432
What is the greatest common factor of 672 and 1134?
42
Calculate the greatest common factor of 4196 and 12.
4
Calculate the highest common divisor of 1704 and 2073.
3
What is the greatest common divisor of 620 and 1215?
5
Calculate the greatest common factor of 161 and 14030.
23
What is the greatest common factor of 510 and 9146?
34
What is the highest common divisor of 303 and 464903?
101
Calculate the greatest common divisor of 40 and 7555.
5
What is the greatest common divisor of 192 and 6348?
12
Calculate the greatest common divisor of 3206 and 9436.
14
What is the greatest common divisor of 1292848 and 32?
16
What is the greatest common factor of 1986314 and 113?
113
What is the greatest common factor of 4491 and 388721?
499
What is the highest common factor of 1850994 and 612?
306
Calculate the greatest common divisor of 221 and 7579.
13
Calculate the highest common divisor of 560182 and 28.
14
What is the highest common divisor of 16999 and 19100?
191
What is the highest common divisor of 428 and 723213?
107
What is the highest common divisor of 77803 and 726?
121
Calculate the greatest common factor of 48 and 12984.
24
Calculate the greatest common divisor of 40174 and 4.
2
Calculate the greatest common factor of 93964 and 207532.
676
Calculate the highest common divisor of 5126 and 16310.
466
Calculate the greatest common divisor of 323516 and 124.
124
Calculate the highest common divisor of 1165 and 51.
1
Calculate the highest common factor of 36 and 4275.
9
Calculate the greatest common divisor of 47 and 8147873.
47
Calculate the greatest common factor of 128770 and 275470.
1630
Calculate the greatest common divisor of 186688 and 1088.
64
Calculate the highest common divisor of 375 and 9285.
15
Calculate the greatest common divisor of 719954 and 174.
58
What is the highest common factor of 355168 and 352?
352
Calculate the highest common factor of 843 and 147.
3
Calculate the greatest common divisor of 5008 and 4695.
313
Calculate the greatest common factor of 61841 and 2479.
67
What is the greatest common divisor of 286 and 2475?
11
Calculate the highest common factor of 5660 and 90.
10
Calculate the highest common divisor of 25730 and 2015.
155
Calculate the highest common divisor of 5093 and 6974.
11
Calculate the highest common divisor of 595 and 38165.
85
Calculate the greatest common divisor of 22 and 2663012.
22
Calculate the highest common factor of 24522 and 10050.
402
Calculate the greatest common factor of 340131 and 1452.
363
Calculate the greatest common divisor of 40312 and 8.
8
What is the highest common factor of 33 and 962907?
33
What is the greatest common divisor of 2892 and 2124174?
1446
What is the highest common divisor of 2947512 and 12?
12
Calculate the highest common factor of 137357 and 132.
11
What is the greatest common divisor of 22825 and 3025?
275
What is the highest common divisor of 63861 and 231?
21
Calculate the greatest common divisor of 3476580 and 60.
60
What is the highest common divisor of 25 and 10705550?
25
Calculate the greatest common factor of 4382 and 70.
14
What is the highest common divisor of 300 and 26715?
15
Calculate the greatest common factor of 4814 and 11.
1
Calculate the greatest common divisor of 182951 and 494.
19
Calculate the greatest common factor of 72 and 61044.
12
What is the greatest common divisor of 3355 and 166408?
671
What is the highest common factor of 1078 and 660?
22
Calculate the highest common factor of 70208 and 12.
4
Calculate the greatest common divisor of 10496 and 16448.
64
What is the greatest common factor of 1881 and 2717?
209
What is the greatest common divisor of 39 and 610324?
13
What is the highest common divisor of 174 and 145203?
87
Calculate the greatest common factor of 4053 and 399.
21
Calculate the highest common divisor of 194043 and 852.
213
Calculate the greatest common divisor of 7241 and 7839.
13
What is the greatest common divisor of 330237 and 151?
151
Calculate the greatest common divisor of 14664 and 11576.
8
Calculate the greatest common factor of 268 and 51188.
268
Calculate the highest common divisor of 1239552 and 24.
24
Calculate the greatest common divisor of 18887 and 2057.
187
What is the highest common divisor of 87712 and 672?
32
What is the highest common factor of 39 and 33501?
39
Calculate the greatest common factor of 128 and 175424.
64
What is the highest common divisor of 1840 and 103408?
368
What is the highest common factor of 950093 and 123?
41
Calculate the highest common factor of 113945 and 221.
13
Calculate the highest common divisor of 184950 and 720.
90
What is the greatest common divisor of 13081 and 515?
103
Calculate the highest common divisor of 7245 and 700.
35
What is the greatest common factor of 7956 and 416?
52
What is the highest common divisor of 950818 and 484?
242
What is the greatest common factor of 90894 and 96?
6
Calculate the highest common divisor of 9962 and 306.
34
Calculate the highest common factor of 289 and 697.
17
Calculate the highest common factor of 34 and 723146.
34
Calculate the greatest common divisor of 100265 and 10.
5
Calculate the greatest common divisor of 93188 and 34.
2
What is the greatest common divisor of 3615 and 81?
3
Calculate the highest common factor of 245 and 2645.
5
What is the greatest common divisor of 2 and 519510?
2
Calculate the highest common factor of 831920 and 55.
5
What is the greatest common factor of 7 and 2248092?
7
What is the highest common